{"id":74,"date":"2017-08-02T10:47:22","date_gmt":"2017-08-02T10:47:22","guid":{"rendered":"http:\/\/xn--geflgelhof-luthersborn-vlc.de\/?page_id=74"},"modified":"2018-06-04T09:32:17","modified_gmt":"2018-06-04T09:32:17","slug":"unsere-huehner","status":"publish","type":"page","link":"http:\/\/xn--geflgelhof-luthersborn-vlc.de\/?page_id=74","title":{"rendered":"Unsere H\u00fchner"},"content":{"rendered":"<p>Als Familienunternehmen liegt uns das Wohl der Tiere am Herzen. Denn Gefl\u00fcgelwirtschaft und Tierwohl geh\u00f6ren f\u00fcr uns zusammen und deshalb sollten unsere Eier auch von gl\u00fccklichen H\u00fchnern stammen.<\/p>\n<p>Doch was braucht ein Huhn um gl\u00fccklich zu sein? Neben qualitativ hochwertigem Futter, ben\u00f6tigen H\u00fchner ausreichend Wasser, aber auch Licht, umfangreiche Scharrfl\u00e4chen sowie Nester und Sitzstangen auf mehreren Ebenen. Das alles bieten unsere modernen Stallanlagen. Um das Wohlergehen der H\u00fchner zu kontrollieren, wird 2-3-mal am Tag durch den Stall gegangen.<\/p>\n<p>F\u00fcr unsere Freilandh\u00fchner steht tags\u00fcber eine gro\u00dfe Auslaufwiese mit Unterschlupfm\u00f6glichkeiten zur Verf\u00fcgung. Pro Henne sind dabei mindestens vier Quadratmeter Auslauffl\u00e4che vorgesehen.<\/p>\n<p>Die Tiere k\u00f6nnen sich aber auch jederzeit in den Stall zur\u00fcckziehen, wo Sie Ihren Bed\u00fcrfnissen nachgehen k\u00f6nnen, wie z.B. Sandbaden. Als abwechslungsreiches Spielzeug nutzen wir Luzerneheu von unseren Feldern, Pickbl\u00f6cke sowie je nach Jahreszeit erh\u00e4ltliches Feuchtfutter, wie z. B. \u00c4pfel, Kartoffeln, M\u00f6hren, Mais oder Futterr\u00fcben. Als Einstreu im Stall und in den Kaltscharr\u00e4umen, den so genannten Winterg\u00e4rten, wird Dinkelspreu und Stroh verwendet, indem die H\u00fchner scharren und picken k\u00f6nnen.<\/p>\n<p>Seit vielen Jahren vertrauen wir den <strong>Hybrid-Hennen<\/strong> der <strong>Firma Lohmann Tierzucht<\/strong>, Cuxhaven. Es handelt sich um die Rassen <strong>LSL<\/strong> (Lohmann selected Leghorn) als Wei\u00dfeierleger und <strong>LB<\/strong> (Lohmann brown) als Brauneierleger. Aufgezogen werden die Tiere in vertraglich gebundenen b\u00e4uerlichen Betrieben unter den selben, guten Voraussetzungen, wie sie sie sp\u00e4ter bei uns vorfinden. Als kerngesunde Junghennen erreichen die Tiere mit ca. 18 Wochen unseren Betrieb.<\/p>\n<p><a href=\"http:\/\/xn--geflgelhof-luthersborn-vlc.de\/?page_id=35\">Unsere Eier<\/a><\/p>\n","protected":false},"excerpt":{"rendered":"<p>Als Familienunternehmen liegt uns das Wohl der Tiere am Herzen. Denn Gefl\u00fcgelwirtschaft und Tierwohl geh\u00f6ren f\u00fcr uns zusammen und deshalb sollten unsere Eier auch von gl\u00fccklichen H\u00fchnern stammen. Doch was braucht ein Huhn um gl\u00fccklich zu sein? Neben qualitativ hochwertigem Futter, ben\u00f6tigen H\u00fchner ausreichend Wasser, aber auch Licht, umfangreiche Scharrfl\u00e4chen sowie Nester und Sitzstangen auf [&hellip;]<\/p>\n","protected":false},"author":1,"featured_media":0,"parent":0,"menu_order":2,"comment_status":"closed","ping_status":"closed","template":"","meta":{"footnotes":""},"_links":{"self":[{"href":"http:\/\/xn--geflgelhof-luthersborn-vlc.de\/index.php?rest_route=\/wp\/v2\/pages\/74"}],"collection":[{"href":"http:\/\/xn--geflgelhof-luthersborn-vlc.de\/index.php?rest_route=\/wp\/v2\/pages"}],"about":[{"href":"http:\/\/xn--geflgelhof-luthersborn-vlc.de\/index.php?rest_route=\/wp\/v2\/types\/page"}],"author":[{"embeddable":true,"href":"http:\/\/xn--geflgelhof-luthersborn-vlc.de\/index.php?rest_route=\/wp\/v2\/users\/1"}],"replies":[{"embeddable":true,"href":"http:\/\/xn--geflgelhof-luthersborn-vlc.de\/index.php?rest_route=%2Fwp%2Fv2%2Fcomments&post=74"}],"version-history":[{"count":4,"href":"http:\/\/xn--geflgelhof-luthersborn-vlc.de\/index.php?rest_route=\/wp\/v2\/pages\/74\/revisions"}],"predecessor-version":[{"id":159,"href":"http:\/\/xn--geflgelhof-luthersborn-vlc.de\/index.php?rest_route=\/wp\/v2\/pages\/74\/revisions\/159"}],"wp:attachment":[{"href":"http:\/\/xn--geflgelhof-luthersborn-vlc.de\/index.php?rest_route=%2Fwp%2Fv2%2Fmedia&parent=74"}],"curies":[{"name":"wp","href":"https:\/\/api.w.org\/{rel}","templated":true}]}}